m(-1).
14
Let t(z) = z**3 + 68*z**2 + 135*z + 183. What is t(-66)?
-15
Let r(p) = -3*p**3 - 22*p**2 + 11*p - 304. Give r(-9).
2
Let z(a) = -43*a + 3000. What is z(70)?
-10
Let v(d) = 5*d**2 + 80*d - 8. Determine v(-16).
-8
Let i(m) = 407*m**2 - 8545*m - 63. Calculate i(21).
-21
Let l(x) = -74*x + 455. Calculate l(6).
11
Let u(j) = 496*j + 8889. Calculate u(-18).
-39
Let u(g) = -907*g - 5418. Determine u(-6).
24
Let v(q) = -56*q - 39. Give v(6).
-375
Let v(w) = -151*w + 566. Give v(4).
-38
Let y(c) = -96*c + 141. Give y(3).
-147
Let u(q) = -2*q**3 - 28*q**2 + 19*q + 580. Calculate u(-13).
-5
Let d(i) = -4*i - 276. What is d(-73)?
16
Let x(u) = -2*u**3 - 51*u**2 + 78*u + 39. Determine x(-27).
120
Let s(d) = 242*d + 9712. Calculate s(-40).
32
Let s(q) = -q**3 - q**2 - 12*q + 56. What is s(4)?
-72
Let g(h) = -96*h**3 - 2*h**2 + h + 1. What is g(1)?
-96
Let i(u) = -2*u**3 - 67*u**2 - 43*u - 46. Calculate i(-33).
284
Let l(d) = -d**2 - 20*d + 20343. What is l(133)?
-6
Let f(w) = -121*w + 1045. Give f(9).
-44
Let u(t) = -3*t**2 - 152*t + 62. Give u(-51).
11
Let d(p) = -p**2 - 77*p + 969. What is d(11)?
1
Let t(x) = -2*x**2 - 7*x - 144. Calculate t(-12).
-348
Let c(n) = n**3 - 6*n**2 - 47*n - 12. Give c(-4).
16
Let c(r) = 4*r**2 - 438*r + 214. Calculate c(109).
-4
Let a(y) = -3*y**3 + 67*y**2 - 34*y + 150. Determine a(22).
-114
Let j(x) = -86*x + 10957. What is j(129)?
-137
Let j(o) = -o**2 + 134*o - 4312. What is j(54)?
8
Let l(v) = -60*v**3 + v**2 + 27*v - 26. Give l(1).
-58
Let x(z) = 67*z + 310. Determine x(-5).
-25
Let r(o) = -2*o**2 - 35*o - 49. Determine r(-12).
83
Let l(a) = -a**3 + a**2 - 3*a - 12. What is l(0)?
-12
Let c(a) = -a**3 - 4*a**2 + 12*a + 16. Calculate c(5).
-149
Let w(k) = -16*k - 193. Calculate w(-16).
63
Let b(x) = -8*x - 345. Give b(-47).
31
Let w(q) = 25*q - 519. Calculate w(16).
-119
Let z(x) = 3*x**2 - 132*x - 926. Give z(50).
-26
Let s(v) = v**2 + 36*v - 81. Determine s(-38).
-5
Let k(b) = 2*b**2 + 274*b - 1699. Give k(-143).
17
Let z(q) = -39*q - 188. Give z(-5).
7
Let o(c) = c**3 - 48*c**2 + 217*c - 91. Give o(43).
-5
Let t(x) = 73618*x - 441702. Calculate t(6).
6
Let z(k) = -k**3 - 12*k**2 + 24*k + 176. What is z(-13)?
33
Let g(h) = -h**3 + 7*h**2 + 128*h - 70. What is g(15)?
50
Let a(p) = 1640*p - 6559. Determine a(4).
1
Let f(h) = -h**3 + 6*h**2 - 21*h + 14. Calculate f(3).
-22
Let c(a) = -2*a**3 - 7*a**2 + 72*a + 4. Calculate c(-8).
4
Let y(s) = 10*s - 136. Give y(12).
-16
Let a(y) = -41*y + 516. Calculate a(14).
-58
Let l(q) = -279*q - 3344. What is l(-12)?
4
Let l(t) = 2*t**3 + 9*t**2 + 6*t - 28. Calculate l(-3).
-19
Let q(b) = -b**3 - 28*b**2 - 19*b + 229. Determine q(-27).
13
Let z(p) = -p**2 + 21*p - 16. What is z(1)?
4
Let v(c) = c**3 + 8*c**2 + 3*c - 10. Determine v(-6).
44
Let y(n) = 84*n + 3113. Calculate y(-37).
5
Let n(u) = -15*u + 1331. Determine n(75).
206
Let r(o) = 6*o**2 + 154*o + 740. Give r(-5).
120
Let i(l) = 4*l**3 - 5*l**2 + 9*l - 12. Determine i(2).
18
Let d(h) = -h**2 + 35*h - 56. Calculate d(38).
-170
Let u(o) = 2*o**2 + 7*o - 31. What is u(2)?
-9
Let f(b) = -65*b**2 - 15*b + 11. Determine f(0).
11
Let x(d) = d**3 - 34*d**2 + 10*d + 812. Calculate x(33).
53
Let q(c) = c**2 - 8*c - 5. What is q(7)?
-12
Let c(g) = 406*g + 2908. Determine c(-7).
66
Let y(m) = -2*m**3 - 75*m**2 + 40*m - 30. What is y(-38)?
-106
Let s(u) = -u**3 - 16*u**2 - 27*u - 130. Calculate s(-14).
-144
Let h(q) = 888*q + 16867. Determine h(-19).
-5
Let k(u) = 2*u**3 + 6*u**2 - 2*u - 11. Give k(-4).
-35
Let r(j) = 111*j**2 + 2000*j - 9. Give r(-18).
-45
Let s(m) = 10*m**2 - 155*m + 280. Determine s(2).
10
Let n(x) = 76*x**2 + 6*x - 12. Calculate n(2).
304
Let m(t) = -4*t**2 + 173*t - 723. What is m(4)?
-95
Let d(g) = g**3 - 34*g**2 + 63*g + 45. What is d(32)?
13
Let s(z) = -15*z + 32. What is s(-1)?
47
Let z(b) = 2*b**3 - 17*b**2 + 30*b + 17. Determine z(9).
368
Let s(o) = o**3 - 12*o**2 + 17*o - 5. Give s(1).
1
Let i(k) = -11*k**2 + 51*k + 169. Give i(-2).
23
Let z(a) = 3*a**2 + 8*a + 64. What is z(-7)?
155
Let o(h) = 32*h + 3162. What is o(-100)?
-38
Let j(i) = 14*i + 179. Give j(-19).
-87
Let s(w) = w**3 + 9*w**2 + 180*w + 636. Give s(-4).
-4
Let r(s) = s**3 + 16*s**2 - 296*s + 61. What is r(-27)?
34
Let j(n) = n**3 + 16*n**2 - 24*n - 45. Determine j(-17).
74
Let g(r) = -6*r**3 + 3*r**2 - 7*r - 22. Calculate g(-3).
188
Let u(a) = -2*a**3 + 19*a**2 + 5*a - 17. Calculate u(8).
215
Let n(v) = -v**3 - 26*v**2 - 109*v + 20. Determine n(-6).
-46
Let t(h) = 64*h**2 + 309*h - 35. Determine t(-5).
20
Let x(r) = -r**2 + 37*r + 25. Give x(38).
-13
Let w(t) = t**3 + 59*t**2 - 15*t - 925. Calculate w(-59).
-40
Let q(c) = -36*c**3 + 12*c**2 + 22*c + 1. What is q(-2)?
293
Let p(s) = -s**3 + 45*s**2 - 402*s + 198. Determine p(33).
0
Let l(n) = -60*n + 122. What is l(10)?
-478
Let y(n) = -3*n**2 - 58*n + 348. Determine y(-24).
12
Let c(t) = t**3 - 21*t**2 + 25*t - 63. Calculate c(20).
37
Let p(u) = -2*u**2 - 3*u - 47. Calculate p(-8).
-151
Let l(v) = 687*v - 21. What is l(0)?
-21
Let h(c) = 15*c**2 + 209*c - 12. What is h(-13)?
-194
Let q(i) = -8*i**3 - i**2 + 58*i - 107. Calculate q(2).
-59
Let a(c) = 1585*c + 17441. What is a(-11)?
6
Let h(c) = -4*c + 69. Determine h(17).
1
Let z(a) = 7119*a - 42710. Determine z(6).
4
Let r(b) = -4*b**2 - 59*b - 211. What is r(-5)?
-16
Let n(f) = f**3 + 34*f**2 + 26*f + 194. Determine n(-33).
425
Let w(r) = 82*r + 1028. Give w(-20).
-612
Let n(m) = m**2 + 111*m + 1670. Determine n(-18).
-4
Let o(n) = n**3 - 9*n**2 - 10*n + 15. Calculate o(9).
-75
Let r(l) = -2*l**3 + 8*l**2 + 5*l + 53. What is r(5)?
28
Let k(d) = -555*d + 1650. What is k(3)?
-15
Let l(k) = 3*k**3 + 3*k**2 - 4*k + 15. Calculate l(-4).
-113
Let m(f) = -193*f + 959. Determine m(5).
-6
Let g(d) = 22*d**2 - 134*d + 16. Give g(6).
4
Let u(c) = c**3 + 28*c**2 + 76*c - 20. What is u(-25)?
-45
Let r(g) = g**3 - 9*g**2 - 10*g + 21. Calculate r(10).
21
Let l(z) = -7*z + 81. Determine l(25).
-94
Let g(q) = -2*q**2 + 561*q - 4964. Give g(9).
-77
Let t(o) = -2*o**3 - 7*o**2 - o - 1. Calculate t(-4).
19
Let k(h) = -714*h - 17130. What is k(-24)?
6
Let f(b) = -b**3 - 6*b**2 - b + 4. Determine f(-6).
10
Let g(t) = -2192*t - 17543. Give g(-8).
-7
Let f(c) = -5*c**2 + 72*c + 72. What is f(-1)?
-5
Let p(r) = -3*r**3 - 26*r**2 + r - 12. Calculate p(-8).
-148
Let z(a) = 2*a - 16. Give z(5).
-6
Let x(a) = -5*a**3 + 44*a**2 - 60*a - 20. Calculate x(7).
1
Let d(c) = 2*c**3 - 53*c**2 + 322*c + 31. Determine d(17).
14
Let d(y) = -69*y + 126. Determine d(4).
-150
Let v(c) = -c**3 + 63*c**2 - 43*c - 1379. Determine v(62).
-201
Let h(n) = n**3 - 64*n**2 + 349*n - 63. What is h(58)?
-5
Let u(p) = 7*p + 565. Determine u(-78).
19
Let a(h) = 1000*h + 14. Determine a(0).
14
Let p(r) = -8*r**3 + 12*r + 13. Determine p(-1).
9
Let h(p) = 6*p**2 + 34*p + 56. What is h(-5)?
36
Let y(z) = 5*z**2 + 103*z - 277. What is y(-23)?
-1
Let j(l) = 9*l - 213. What is j(0)?
-213
Let t(c) = -c**3 - 2*c**2 - 113. Give t(0).
-113
Let j(u) = u**2 + 227*u + 4319. What is j(-21)?
-7
Let a(t) = -5*t + 797. Calculate a(162).
-13
Let y(w) = -w**3 - 57*w**2 - 660*w - 43. What is y(-16)?
21
Let i(l) = -2*l**2 + 188*l + 2537. What is i(-12)?
-7
Let c(r) = r**2 - 10*r - 180. What is c(-14)?
156
Let w(i) = 2*i**2 + 50*i + 8. Determine w(-24).
-40
Let d(q) = 151*q + 621. Determine d(-4).
17
Let l(t) = 93*t - 204. Calculate l(2).
-18
Let r(l) = l**3 + 16*l - 25. What is r(6)?
287
Let s(p) = 3*p**2 - 35*p + 48. Determine s(9).
-24
Let g(w) = w**3 - 619*w**2 + 1850*w - 14. Calculate g(3).
-8
Let j(r) = -r**3 + 18*r**2 - 81*r - 68. Give j(11).
-112
Let q(d) = 37*d**3 - 2*d**2 + 1. Give q(-1).
-38
Let a(h) = 50*h - 99. What is a(4)?
101
Let b(u) = 35*u + 46. Determine b(-6).
-164
Let j(i) = -i**2 - 5*i - 29. Calculate j(-3).
-23
Let d(f) = 39*f + 333. Determine d(-7).
60
Let w(g) = -g**3 + 13*g**2 - 29*g - 17. Determine w(7).
74
Let h(v) = v**3 - v**2 - 4*v + 21. Determine h(3).
27
Let d(g) = -g**2 - 33*g - 59. Calculate d(-12).
193
Let r(y) = 3*y**3 + 5*y**2 - y - 11. Give r(5).
484
Let a(j) = -143*j + 13477. Give a(94).
35
Let m(l) = 4*l**2 + 347*l + 2809. What is m(-9)?
10
Let r(b) = 2*b**3 + b**2 - 16*b - 27. Give r(-2).
-7
Let r(k) = -3314*k - 23197. Calculate r(-7).
1
Let v(t) = 112*t**2 - 236*t +